{"id":46,"date":"2025-12-16T22:07:24","date_gmt":"2025-12-16T21:07:24","guid":{"rendered":"https:\/\/advgpcontrol.fr\/?page_id=46"},"modified":"2025-12-22T23:14:01","modified_gmt":"2025-12-22T22:14:01","slug":"contact","status":"publish","type":"page","link":"https:\/\/advgpcontrol.fr\/index.php\/contact\/","title":{"rendered":"CONTACT"},"content":{"rendered":"\n\n<!-- Bloc contact premium avec bouton \"Laisser un avis\" -->\n<div style=\"max-width: 980px; margin: 0 auto; font-family: system-ui,-apple-system,Segoe UI,Roboto,Arial; color:#0b1533;\">\n\n  <!-- HEADER \/ rectangle avec bouton Avis (sans localisation \u00e0 c\u00f4t\u00e9) -->\n  <div style=\"padding:20px; border-radius:14px; background:linear-gradient(135deg,#e7f0ff,#f7fbff); border:1px solid #dbe7ff;\">\n    <div style=\"display:flex; align-items:flex-start; gap:16px;\">\n      <div style=\"width:48px; height:48px; border-radius:12px; background:#1e3a8a; display:flex; align-items:center; justify-content:center; color:#fff; font-weight:800; flex:0 0 auto;\">\ud83d\udcc7<\/div>\n      <div style=\"display:flex; flex-direction:column; gap:8px; flex:1 1 auto; min-width:0;\">\n        <div style=\"font-size:22px; font-weight:800;\">Contact rapide<\/div>\n        <div style=\"font-size:14px; color:#334155;\">Appelez ou envoyez un email \u2013 r\u00e9ponse rapide<\/div>\n\n        <!-- Ligne : bouton Avis uniquement -->\n        <div style=\"display:flex; align-items:center; gap:10px; flex-wrap:wrap;\">\n          <!-- Bouton avis PagesJaunes -->\n          <a href=\"https:\/\/www.pagesjaunes.fr\/contribution\/votre-avis\/63822286\" target=\"_blank\" rel=\"noopener\" style=\"display:inline-flex; align-items:center; gap:10px; padding:12px 16px; border-radius:12px; text-decoration:none; font-weight:800; background:#fbbf24; color:#1f2937; box-shadow:0 4px 12px rgba(251,191,36,.25); border:1px solid #f59e0b; transition:transform .15s ease, box-shadow .15s ease;\">\n            <span style=\"font-size:18px;\">\u2b50<\/span>\n            <span>Laisser un avis<\/span>\n          <\/a>\n        <\/div>\n      <\/div>\n    <\/div>\n  <\/div>\n\n  <!-- Boutons d\u2019action -->\n  <div style=\"display:flex; flex-wrap:wrap; gap:12px; margin:18px 0;\">\n    <!-- Appeler -->\n    <a href=\"tel:+33616336669\" style=\"display:inline-flex; align-items:center; gap:10px; padding:14px 18px; border-radius:12px; text-decoration:none; font-weight:800; background:#1e3a8a; color:#fff; box-shadow:0 4px 12px rgba(30,58,138,.25); border:1px solid #1e3a8a; transition:transform .15s ease, box-shadow .15s ease;\">\n      <span style=\"font-size:18px;\">\ud83d\udcde<\/span>\n      <span>Appeler<\/span>\n    <\/a>\n\n    <!-- Envoyer un email -->\n    <a href=\"mailto:contact@advgpcontrol.fr?subject=Demande%20d%E2%80%99information&#038;body=Bonjour%2C%20je%20souhaite%20des%20informations.\" style=\"display:inline-flex; align-items:center; gap:10px; padding:14px 18px; border-radius:12px; text-decoration:none; font-weight:800; background:#ffffff; color:#0b1533; border:1px solid #e2e8f0; box-shadow:0 2px 6px rgba(2,6,23,.06); transition:transform .15s ease, box-shadow .15s ease;\">\n      <span style=\"font-size:18px;\">\u2709\ufe0f<\/span>\n      <span>Envoyer un email<\/span>\n    <\/a>\n  <\/div>\n\n  <!-- Infos cl\u00e9s -->\n  <div style=\"display:grid; grid-template-columns: repeat(2, minmax(0,1fr)); gap:14px;\">\n    <div style=\"padding:14px; border:1px solid #e2e8f0; border-radius:12px; background:#ffffff;\">\n      <div style=\"font-size:13px; color:#64748b;\">T\u00e9l\u00e9phone<\/div>\n      <div style=\"font-size:16px; font-weight:800; color:#0b1533;\">+33 6 16 33 66 69<\/div>\n    <\/div>\n    <div style=\"padding:14px; border:1px solid #e2e8f0; border-radius:12px; background:#ffffff;\">\n      <div style=\"font-size:13px; color:#64748b;\">Email<\/div>\n      <div style=\"font-size:16px; font-weight:800; color:#0b1533;\">contact@advgpcontrol.fr<\/div>\n    <\/div>\n    <div style=\"padding:14px; border:1px solid #e2e8f0; border-radius:12px; background:#ffffff;\">\n      <div style=\"font-size:13px; color:#64748b;\">Adresse<\/div>\n      <div style=\"font-size:16px; font-weight:800; color:#0b1533;\">Douvrin, Hauts-de-France<\/div>\n    <\/div>\n    <div style=\"padding:14px; border:1px solid #e2e8f0; border-radius:12px; background:#ffffff;\">\n      <div style=\"font-size:13px; color:#64748b;\">Horaires<\/div>\n      <div style=\"font-size:16px; font-weight:800; color:#0b1533;\">Lundi\u2013Vendredi, 8h\u201318h<\/div>\n    <\/div>\n  <\/div>\n\n  <!-- Carte Google Maps responsive -->\n  <!-- (la localisation compl\u00e8te reste affich\u00e9e ici en bas, inchang\u00e9e) -->\n<\/div>\n\n","protected":false},"excerpt":{"rendered":"<p>\ud83d\udcc7 Contact rapide Appelez ou envoyez un email \u2013 r\u00e9ponse rapide \u2b50 Laisser un avis \ud83d\udcde Appeler \u2709\ufe0f Envoyer un email T\u00e9l\u00e9phone +33 6 16 33 66 69 Email contact@advgpcontrol.fr Adresse Douvrin, Hauts-de-France Horaires Lundi\u2013Vendredi, 8h\u201318h<\/p>\n","protected":false},"author":1,"featured_media":0,"parent":0,"menu_order":0,"comment_status":"closed","ping_status":"closed","template":"","meta":{"footnotes":""},"class_list":["post-46","page","type-page","status-publish"],"yoast_head":"<!-- This site is optimized with the Yoast SEO plugin v27.5 - https:\/\/yoast.com\/product\/yoast-seo-wordpress\/ -->\n<title>CONTACT -<\/title>\n<meta name=\"robots\" content=\"index, follow, max-snippet:-1, max-image-preview:large, max-video-preview:-1\" \/>\n<link rel=\"canonical\" href=\"https:\/\/advgpcontrol.fr\/index.php\/contact\/\" \/>\n<meta property=\"og:locale\" content=\"fr_FR\" \/>\n<meta property=\"og:type\" content=\"article\" \/>\n<meta property=\"og:title\" content=\"CONTACT -\" \/>\n<meta property=\"og:description\" content=\"\ud83d\udcc7 Contact rapide Appelez ou envoyez un email \u2013 r\u00e9ponse rapide \u2b50 Laisser un avis \ud83d\udcde Appeler \u2709\ufe0f Envoyer un email T\u00e9l\u00e9phone +33 6 16 33 66 69 Email contact@advgpcontrol.fr Adresse Douvrin, Hauts-de-France Horaires Lundi\u2013Vendredi, 8h\u201318h\" \/>\n<meta property=\"og:url\" content=\"https:\/\/advgpcontrol.fr\/index.php\/contact\/\" \/>\n<meta property=\"article:publisher\" content=\"https:\/\/www.facebook.com\/profile.php?id=61574537303138\" \/>\n<meta property=\"article:modified_time\" content=\"2025-12-22T22:14:01+00:00\" \/>\n<meta name=\"twitter:card\" content=\"summary_large_image\" \/>\n<meta name=\"twitter:label1\" content=\"Dur\u00e9e de lecture estim\u00e9e\" \/>\n\t<meta name=\"twitter:data1\" content=\"1 minute\" \/>\n<script type=\"application\/ld+json\" class=\"yoast-schema-graph\">{\"@context\":\"https:\\\/\\\/schema.org\",\"@graph\":[{\"@type\":\"WebPage\",\"@id\":\"https:\\\/\\\/advgpcontrol.fr\\\/index.php\\\/contact\\\/\",\"url\":\"https:\\\/\\\/advgpcontrol.fr\\\/index.php\\\/contact\\\/\",\"name\":\"CONTACT -\",\"isPartOf\":{\"@id\":\"https:\\\/\\\/advgpcontrol.fr\\\/#website\"},\"datePublished\":\"2025-12-16T21:07:24+00:00\",\"dateModified\":\"2025-12-22T22:14:01+00:00\",\"breadcrumb\":{\"@id\":\"https:\\\/\\\/advgpcontrol.fr\\\/index.php\\\/contact\\\/#breadcrumb\"},\"inLanguage\":\"fr-FR\",\"potentialAction\":[{\"@type\":\"ReadAction\",\"target\":[\"https:\\\/\\\/advgpcontrol.fr\\\/index.php\\\/contact\\\/\"]}]},{\"@type\":\"BreadcrumbList\",\"@id\":\"https:\\\/\\\/advgpcontrol.fr\\\/index.php\\\/contact\\\/#breadcrumb\",\"itemListElement\":[{\"@type\":\"ListItem\",\"position\":1,\"name\":\"Accueil\",\"item\":\"https:\\\/\\\/advgpcontrol.fr\\\/\"},{\"@type\":\"ListItem\",\"position\":2,\"name\":\"CONTACT\"}]},{\"@type\":\"WebSite\",\"@id\":\"https:\\\/\\\/advgpcontrol.fr\\\/#website\",\"url\":\"https:\\\/\\\/advgpcontrol.fr\\\/\",\"name\":\"WordPress\",\"description\":\"\",\"publisher\":{\"@id\":\"https:\\\/\\\/advgpcontrol.fr\\\/#organization\"},\"potentialAction\":[{\"@type\":\"SearchAction\",\"target\":{\"@type\":\"EntryPoint\",\"urlTemplate\":\"https:\\\/\\\/advgpcontrol.fr\\\/?s={search_term_string}\"},\"query-input\":{\"@type\":\"PropertyValueSpecification\",\"valueRequired\":true,\"valueName\":\"search_term_string\"}}],\"inLanguage\":\"fr-FR\"},{\"@type\":\"Organization\",\"@id\":\"https:\\\/\\\/advgpcontrol.fr\\\/#organization\",\"name\":\"WordPress\",\"url\":\"https:\\\/\\\/advgpcontrol.fr\\\/\",\"logo\":{\"@type\":\"ImageObject\",\"inLanguage\":\"fr-FR\",\"@id\":\"https:\\\/\\\/advgpcontrol.fr\\\/#\\\/schema\\\/logo\\\/image\\\/\",\"url\":\"https:\\\/\\\/advgpcontrol.fr\\\/wp-content\\\/uploads\\\/2025\\\/12\\\/1000015975.png\",\"contentUrl\":\"https:\\\/\\\/advgpcontrol.fr\\\/wp-content\\\/uploads\\\/2025\\\/12\\\/1000015975.png\",\"width\":720,\"height\":720,\"caption\":\"WordPress\"},\"image\":{\"@id\":\"https:\\\/\\\/advgpcontrol.fr\\\/#\\\/schema\\\/logo\\\/image\\\/\"},\"sameAs\":[\"https:\\\/\\\/www.facebook.com\\\/profile.php?id=61574537303138\",\"https:\\\/\\\/www.linkedin.com\\\/in\\\/ad-vgp-control-a08a68356\\\/\"]}]}<\/script>\n<!-- \/ Yoast SEO plugin. -->","yoast_head_json":{"title":"CONTACT -","robots":{"index":"index","follow":"follow","max-snippet":"max-snippet:-1","max-image-preview":"max-image-preview:large","max-video-preview":"max-video-preview:-1"},"canonical":"https:\/\/advgpcontrol.fr\/index.php\/contact\/","og_locale":"fr_FR","og_type":"article","og_title":"CONTACT -","og_description":"\ud83d\udcc7 Contact rapide Appelez ou envoyez un email \u2013 r\u00e9ponse rapide \u2b50 Laisser un avis \ud83d\udcde Appeler \u2709\ufe0f Envoyer un email T\u00e9l\u00e9phone +33 6 16 33 66 69 Email contact@advgpcontrol.fr Adresse Douvrin, Hauts-de-France Horaires Lundi\u2013Vendredi, 8h\u201318h","og_url":"https:\/\/advgpcontrol.fr\/index.php\/contact\/","article_publisher":"https:\/\/www.facebook.com\/profile.php?id=61574537303138","article_modified_time":"2025-12-22T22:14:01+00:00","twitter_card":"summary_large_image","twitter_misc":{"Dur\u00e9e de lecture estim\u00e9e":"1 minute"},"schema":{"@context":"https:\/\/schema.org","@graph":[{"@type":"WebPage","@id":"https:\/\/advgpcontrol.fr\/index.php\/contact\/","url":"https:\/\/advgpcontrol.fr\/index.php\/contact\/","name":"CONTACT -","isPartOf":{"@id":"https:\/\/advgpcontrol.fr\/#website"},"datePublished":"2025-12-16T21:07:24+00:00","dateModified":"2025-12-22T22:14:01+00:00","breadcrumb":{"@id":"https:\/\/advgpcontrol.fr\/index.php\/contact\/#breadcrumb"},"inLanguage":"fr-FR","potentialAction":[{"@type":"ReadAction","target":["https:\/\/advgpcontrol.fr\/index.php\/contact\/"]}]},{"@type":"BreadcrumbList","@id":"https:\/\/advgpcontrol.fr\/index.php\/contact\/#breadcrumb","itemListElement":[{"@type":"ListItem","position":1,"name":"Accueil","item":"https:\/\/advgpcontrol.fr\/"},{"@type":"ListItem","position":2,"name":"CONTACT"}]},{"@type":"WebSite","@id":"https:\/\/advgpcontrol.fr\/#website","url":"https:\/\/advgpcontrol.fr\/","name":"WordPress","description":"","publisher":{"@id":"https:\/\/advgpcontrol.fr\/#organization"},"potentialAction":[{"@type":"SearchAction","target":{"@type":"EntryPoint","urlTemplate":"https:\/\/advgpcontrol.fr\/?s={search_term_string}"},"query-input":{"@type":"PropertyValueSpecification","valueRequired":true,"valueName":"search_term_string"}}],"inLanguage":"fr-FR"},{"@type":"Organization","@id":"https:\/\/advgpcontrol.fr\/#organization","name":"WordPress","url":"https:\/\/advgpcontrol.fr\/","logo":{"@type":"ImageObject","inLanguage":"fr-FR","@id":"https:\/\/advgpcontrol.fr\/#\/schema\/logo\/image\/","url":"https:\/\/advgpcontrol.fr\/wp-content\/uploads\/2025\/12\/1000015975.png","contentUrl":"https:\/\/advgpcontrol.fr\/wp-content\/uploads\/2025\/12\/1000015975.png","width":720,"height":720,"caption":"WordPress"},"image":{"@id":"https:\/\/advgpcontrol.fr\/#\/schema\/logo\/image\/"},"sameAs":["https:\/\/www.facebook.com\/profile.php?id=61574537303138","https:\/\/www.linkedin.com\/in\/ad-vgp-control-a08a68356\/"]}]}},"_links":{"self":[{"href":"https:\/\/advgpcontrol.fr\/index.php\/wp-json\/wp\/v2\/pages\/46","targetHints":{"allow":["GET"]}}],"collection":[{"href":"https:\/\/advgpcontrol.fr\/index.php\/wp-json\/wp\/v2\/pages"}],"about":[{"href":"https:\/\/advgpcontrol.fr\/index.php\/wp-json\/wp\/v2\/types\/page"}],"author":[{"embeddable":true,"href":"https:\/\/advgpcontrol.fr\/index.php\/wp-json\/wp\/v2\/users\/1"}],"replies":[{"embeddable":true,"href":"https:\/\/advgpcontrol.fr\/index.php\/wp-json\/wp\/v2\/comments?post=46"}],"version-history":[{"count":8,"href":"https:\/\/advgpcontrol.fr\/index.php\/wp-json\/wp\/v2\/pages\/46\/revisions"}],"predecessor-version":[{"id":577,"href":"https:\/\/advgpcontrol.fr\/index.php\/wp-json\/wp\/v2\/pages\/46\/revisions\/577"}],"wp:attachment":[{"href":"https:\/\/advgpcontrol.fr\/index.php\/wp-json\/wp\/v2\/media?parent=46"}],"curies":[{"name":"wp","href":"https:\/\/api.w.org\/{rel}","templated":true}]}}